{"id":2803,"date":"2021-10-29T17:35:13","date_gmt":"2021-10-29T15:35:13","guid":{"rendered":"https:\/\/www.anthill.com.pl\/?page_id=2803"},"modified":"2023-09-19T14:06:03","modified_gmt":"2023-09-19T12:06:03","slug":"zespol","status":"publish","type":"page","link":"https:\/\/www.anthill.com.pl\/?page_id=2803","title":{"rendered":"Zesp\u00f3\u0142"},"content":{"rendered":"\t\t<div data-elementor-type=\"wp-page\" data-elementor-id=\"2803\" class=\"elementor elementor-2803\" data-elementor-settings=\"[]\">\n\t\t\t\t\t\t<div class=\"elementor-inner\">\n\t\t\t\t\t\t\t<div class=\"elementor-section-wrap\">\n\t\t\t\t\t\t\t<section class=\"elementor-section elementor-top-section elementor-element elementor-element-4bf48173 elementor-section-boxed elementor-section-height-default elementor-section-height-default\" data-id=\"4bf48173\" data-element_type=\"section\">\n\t\t\t\t\t\t<div class=\"elementor-container elementor-column-gap-default\">\n\t\t\t\t\t\t\t<div class=\"elementor-row\">\n\t\t\t\t\t<div class=\"elementor-column elementor-col-100 elementor-top-column elementor-element elementor-element-4c18f81a\" data-id=\"4c18f81a\" data-element_type=\"column\">\n\t\t\t<div class=\"elementor-column-wrap elementor-element-populated\">\n\t\t\t\t\t\t\t<div class=\"elementor-widget-wrap\">\n\t\t\t\t\t\t<div class=\"elementor-element elementor-element-37884e1a elementor-widget elementor-widget-text-editor\" data-id=\"37884e1a\" data-element_type=\"widget\" data-widget_type=\"text-editor.default\">\n\t\t\t\t<div class=\"elementor-widget-container\">\n\t\t\t\t\t\t\t\t<div class=\"elementor-text-editor elementor-clearfix\">\n\t\t\t\t<p><!-- \/wp:heading --><\/p>\n<p><!-- wp:paragraph --><\/p>\n<h2>Zesp\u00f3\u0142 Stowarzyszenia Anthill tworzy grupa pasjonat\u00f3w sztuki i kultury. Jeste\u015bmy lud\u017ami, kt\u00f3rzy pragn\u0105 mie\u0107 realny wp\u0142yw w rozw\u00f3j regionu w zakresie organizacji wydarze\u0144 kulturalnych, spo\u0142ecznych oraz edukacyjnych. Charakteryzuje nas nieszablonowe podej\u015bcie do realizowanych projekt\u00f3w, otwarte umys\u0142y oraz bogate do\u015bwiadczenie.<\/h2>\n<p><\/p>\n<h3><img loading=\"lazy\" decoding=\"async\" class=\"alignnone size-medium wp-image-2955\" src=\"https:\/\/www.anthill.com.pl\/wp-content\/uploads\/2016\/02\/bartosz-300x300.jpg\" alt=\"\" width=\"300\" height=\"300\" srcset=\"https:\/\/www.anthill.com.pl\/wp-content\/uploads\/2016\/02\/bartosz-300x300.jpg 300w, https:\/\/www.anthill.com.pl\/wp-content\/uploads\/2016\/02\/bartosz-400x400.jpg 400w, https:\/\/www.anthill.com.pl\/wp-content\/uploads\/2016\/02\/bartosz-140x140.jpg 140w, https:\/\/www.anthill.com.pl\/wp-content\/uploads\/2016\/02\/bartosz-768x768.jpg 768w, https:\/\/www.anthill.com.pl\/wp-content\/uploads\/2016\/02\/bartosz.jpg 800w\" sizes=\"auto, (max-width: 300px) 100vw, 300px\" \/><\/h3>\n<h3>Bartosz Niewiadomski<\/h3>\n<h6>Prezes Zarz\u0105du<\/h6>\n<p>Absolwent Wydzia\u0142u Prawa i Administracji UMCS w Lublinie oraz Executive Master of Business Administration (MBA) na Uniwersytecie Warszawskim. Prezes Zarz\u0105du Stowarzyszenia Anthill. Zajmuje si\u0119 administracj\u0105, koordynacj\u0105 prac zespo\u0142u oraz wyznaczaniem strategii rozwoju organizacji. Do\u015bwiadczenie w organizacjach pozarz\u0105dowych zdobywa\u0142 zarz\u0105dzaj\u0105c Fundacj\u0105 Krajobrazy. Wsp\u00f3\u0142pracuje z partnerami, prowadzi negocjacje i kieruje pracami podwykonawc\u00f3w. Zarz\u0105dza\u0142 ponad 100 projektami z zakresu kultury, dziedzictwa, architektury krajobrazu, partycypacji spo\u0142ecznej oraz projektami inwestycyjnymi. Do\u015bwiadczony manager, zarz\u0105dzaj\u0105cy kadr\u0105 i efektywnie wdra\u017caj\u0105cy strategie operacyjne w organizacjach.<\/p>\n<p><a href=\"mailto:b.niewiadomski@anthill.com.pl\">b.niewiadomski@anthill.com.pl<\/a> | 665-646-664<\/p>\n<p><\/p>\n<h3><img loading=\"lazy\" decoding=\"async\" class=\"alignnone size-medium wp-image-4775\" src=\"https:\/\/www.anthill.com.pl\/wp-content\/uploads\/2023\/02\/photo_2021-12-09_11-02-05-300x300.jpg\" alt=\"\" width=\"300\" height=\"300\" srcset=\"https:\/\/www.anthill.com.pl\/wp-content\/uploads\/2023\/02\/photo_2021-12-09_11-02-05-300x300.jpg 300w, https:\/\/www.anthill.com.pl\/wp-content\/uploads\/2023\/02\/photo_2021-12-09_11-02-05-400x400.jpg 400w, https:\/\/www.anthill.com.pl\/wp-content\/uploads\/2023\/02\/photo_2021-12-09_11-02-05-140x140.jpg 140w, https:\/\/www.anthill.com.pl\/wp-content\/uploads\/2023\/02\/photo_2021-12-09_11-02-05.jpg 640w\" sizes=\"auto, (max-width: 300px) 100vw, 300px\" \/><\/h3>\n<h3>Natalia Dzik<\/h3>\n<h6>Cz\u0142onek Zarz\u0105du<\/h6><h6><br><\/h6><h6><br><\/h6>\n<p><\/p>\n<p><\/p>\n<p><img loading=\"lazy\" decoding=\"async\" class=\"alignnone size-medium wp-image-2956\" src=\"https:\/\/www.anthill.com.pl\/wp-content\/uploads\/2016\/02\/Gosia1-300x300.jpg\" alt=\"\" width=\"300\" height=\"300\" srcset=\"https:\/\/www.anthill.com.pl\/wp-content\/uploads\/2016\/02\/Gosia1-300x300.jpg 300w, https:\/\/www.anthill.com.pl\/wp-content\/uploads\/2016\/02\/Gosia1-400x400.jpg 400w, https:\/\/www.anthill.com.pl\/wp-content\/uploads\/2016\/02\/Gosia1-140x140.jpg 140w, https:\/\/www.anthill.com.pl\/wp-content\/uploads\/2016\/02\/Gosia1-768x768.jpg 768w, https:\/\/www.anthill.com.pl\/wp-content\/uploads\/2016\/02\/Gosia1-1536x1536.jpg 1536w, https:\/\/www.anthill.com.pl\/wp-content\/uploads\/2016\/02\/Gosia1-2048x2048.jpg 2048w, https:\/\/www.anthill.com.pl\/wp-content\/uploads\/2016\/02\/Gosia1-scaled.jpg 1600w\" sizes=\"auto, (max-width: 300px) 100vw, 300px\" \/><\/p>\n<h3>Ma\u0142gorzata G\u0142azowska<\/h3>\n<h6>Koordynator Operacyjny<\/h6>\n<p>Koordynator operacyjny w Anthill, koordynator projekt\u00f3w w Archidiecezji Lubelskiej. Zarz\u0105dza projektami inwestycyjnymi, kulturalnymi oraz spo\u0142ecznymi w kraju oraz za granic\u0105. Odpowiedzialna za dzia\u0142alno\u015b\u0107 operacyjn\u0105, bud\u017cetowanie oraz rozliczanie zada\u0144. Wcze\u015bniej zwi\u0105zana z bran\u017c\u0105 edukacyjn\u0105.<\/p>\n<p><a href=\"mailto:info@anthill.com.pl\">info@anthill.com.pl<\/a><\/p>\n<h2>&nbsp;<\/h2>\n<p><\/p>\t\t\t\t\t<\/div>\n\t\t\t\t\t\t<\/div>\n\t\t\t\t<\/div>\n\t\t\t\t\t\t<\/div>\n\t\t\t\t\t<\/div>\n\t\t<\/div>\n\t\t\t\t\t\t\t\t<\/div>\n\t\t\t\t\t<\/div>\n\t\t<\/section>\n\t\t\t\t\t\t<\/div>\n\t\t\t\t\t\t<\/div>\n\t\t\t\t\t<\/div>\n\t\t","protected":false},"excerpt":{"rendered":"<p>Zesp\u00f3\u0142 Stowarzyszenia Anthill tworzy grupa pasjonat\u00f3w sztuki i kultury. Jeste\u015bmy lud\u017ami, kt\u00f3rzy pragn\u0105 mie\u0107 realny wp\u0142yw w rozw\u00f3j regionu w zakresie organizacji wydarze\u0144 kulturalnych, spo\u0142ecznych oraz edukacyjnych. Charakteryzuje nas nieszablonowe podej\u015bcie do realizowanych projekt\u00f3w, otwarte umys\u0142y oraz bogate do\u015bwiadczenie. Bartosz Niewiadomski Prezes Zarz\u0105du Absolwent Wydzia\u0142u Prawa i Administracji UMCS w Lublinie oraz Executive Master of [&hellip;]<\/p>\n","protected":false},"author":2,"featured_media":0,"parent":0,"menu_order":0,"comment_status":"closed","ping_status":"closed","template":"","meta":{"_themeisle_gutenberg_block_has_review":false,"footnotes":""},"class_list":["post-2803","page","type-page","status-publish","hentry","clearfix"],"_links":{"self":[{"href":"https:\/\/www.anthill.com.pl\/index.php?rest_route=\/wp\/v2\/pages\/2803","targetHints":{"allow":["GET"]}}],"collection":[{"href":"https:\/\/www.anthill.com.pl\/index.php?rest_route=\/wp\/v2\/pages"}],"about":[{"href":"https:\/\/www.anthill.com.pl\/index.php?rest_route=\/wp\/v2\/types\/page"}],"author":[{"embeddable":true,"href":"https:\/\/www.anthill.com.pl\/index.php?rest_route=\/wp\/v2\/users\/2"}],"replies":[{"embeddable":true,"href":"https:\/\/www.anthill.com.pl\/index.php?rest_route=%2Fwp%2Fv2%2Fcomments&post=2803"}],"version-history":[{"count":22,"href":"https:\/\/www.anthill.com.pl\/index.php?rest_route=\/wp\/v2\/pages\/2803\/revisions"}],"predecessor-version":[{"id":5552,"href":"https:\/\/www.anthill.com.pl\/index.php?rest_route=\/wp\/v2\/pages\/2803\/revisions\/5552"}],"wp:attachment":[{"href":"https:\/\/www.anthill.com.pl\/index.php?rest_route=%2Fwp%2Fv2%2Fmedia&parent=2803"}],"curies":[{"name":"wp","href":"https:\/\/api.w.org\/{rel}","templated":true}]}}